{"id":465,"date":"2020-09-06T10:57:06","date_gmt":"2020-09-06T08:57:06","guid":{"rendered":"http:\/\/asmerieux.org\/?page_id=465"},"modified":"2022-09-20T14:01:32","modified_gmt":"2022-09-20T12:01:32","slug":"natation","status":"publish","type":"page","link":"https:\/\/asmerieux.org\/wpasm\/natation\/","title":{"rendered":"Natation"},"content":{"rendered":"<p><!--\n\n\n<table width=\"687\">\n\n\n<tbody>\n\n\n<tr>\n\n\n<td width=\"154\">Pr\u00e9sidente<\/td>\n\n\n\n\n<td width=\"111\">Aur\u00e9lie<\/td>\n\n\n\n\n<td width=\"118\">CARRAT<\/td>\n\n\n\n\n<td width=\"304\">aurelie.carrat@sanofi.com<\/td>\n\n\n<\/tr>\n\n\n\n\n<tr>\n\n\n<td>Secr\u00e9taire<\/td>\n\n\n\n\n<td>David<\/td>\n\n\n\n\n<td>ROCHE<\/td>\n\n\n\n\n<td>david.roche@sanofi.com<\/td>\n\n\n<\/tr>\n\n\n\n\n<tr>\n\n\n<td>Tr\u00e9sorier<\/td>\n\n\n\n\n<td><\/td>\n\n\n\n\n<td><\/td>\n\n\n\n\n<td><\/td>\n\n\n<\/tr>\n\n\n<\/tbody>\n\n\n<\/table>\n\n\n<strong><span style=\"font-size: 12pt;\">Cr\u00e9neau HORAIRE : MERCREDI de 19 \u00e0 20h<\/span><\/strong>\n\nAucune inscription ne sera accept\u00e9e sans les documents suivants :\n- Fiche d\u2019inscription remplie\n- R\u00e8glement int\u00e9rieur sign\u00e9\n- Autorisation parentale sign\u00e9e pour les mineurs\n\nDocuments \u00e0 compl\u00e9ter :\n\n<span style=\"font-size: 12pt;\"><strong><a href=\"https:\/\/asmerieux.org\/wpasm\/wp-content\/uploads\/natation-inscr.pdf\" target=\"_blank\" rel=\"noopener\">Fiche d'inscription<\/a> \u00a0 \u00a0 \u00a0 \u00a0 \u00a0 \u00a0 \u00a0 \u00a0 \u00a0 <a href=\"https:\/\/asmerieux.org\/wpasm\/wp-content\/uploads\/natation-reglt.pdf\" target=\"_blank\" rel=\"noopener\">R\u00e8glement<\/a> \u00a0 \u00a0 \u00a0 \u00a0 \u00a0 \u00a0 \u00a0 \u00a0 \u00a0 \u00a0 <a href=\"https:\/\/asmerieux.org\/wpasm\/wp-content\/uploads\/natation-autor-parent.pdf\" target=\"_blank\" rel=\"noopener\">Autorisation parentale<\/a><\/strong><\/span>\n\n<img loading=\"lazy\" decoding=\"async\" class=\"size-medium wp-image-1043 aligncenter\" src=\"https:\/\/asmerieux.org\/wpasm\/wp-content\/uploads\/ima-natation-1-300x198.jpg\" alt=\"\" width=\"300\" height=\"198\" srcset=\"https:\/\/asmerieux.org\/wpasm\/wp-content\/uploads\/ima-natation-1-300x198.jpg 300w, https:\/\/asmerieux.org\/wpasm\/wp-content\/uploads\/ima-natation-1.jpg 368w\" sizes=\"auto, (max-width: 300px) 100vw, 300px\" \/>\n\n--><\/p>\n<p>20\/9\/22 :\u00a0 Activit\u00e9s de la section suspendues &#8230;&#8230;<\/p>\n","protected":false},"excerpt":{"rendered":"<div class=\"mh-excerpt\"><p>20\/9\/22 :\u00a0 Activit\u00e9s de la section suspendues &#8230;&#8230;<\/p>\n<\/div>","protected":false},"author":1,"featured_media":0,"parent":0,"menu_order":0,"comment_status":"closed","ping_status":"closed","template":"","meta":{"footnotes":""},"class_list":["post-465","page","type-page","status-publish","hentry"],"_links":{"self":[{"href":"https:\/\/asmerieux.org\/wpasm\/wp-json\/wp\/v2\/pages\/465","targetHints":{"allow":["GET"]}}],"collection":[{"href":"https:\/\/asmerieux.org\/wpasm\/wp-json\/wp\/v2\/pages"}],"about":[{"href":"https:\/\/asmerieux.org\/wpasm\/wp-json\/wp\/v2\/types\/page"}],"author":[{"embeddable":true,"href":"https:\/\/asmerieux.org\/wpasm\/wp-json\/wp\/v2\/users\/1"}],"replies":[{"embeddable":true,"href":"https:\/\/asmerieux.org\/wpasm\/wp-json\/wp\/v2\/comments?post=465"}],"version-history":[{"count":7,"href":"https:\/\/asmerieux.org\/wpasm\/wp-json\/wp\/v2\/pages\/465\/revisions"}],"predecessor-version":[{"id":1057,"href":"https:\/\/asmerieux.org\/wpasm\/wp-json\/wp\/v2\/pages\/465\/revisions\/1057"}],"wp:attachment":[{"href":"https:\/\/asmerieux.org\/wpasm\/wp-json\/wp\/v2\/media?parent=465"}],"curies":[{"name":"wp","href":"https:\/\/api.w.org\/{rel}","templated":true}]}}