{"id":463,"date":"2020-09-06T10:55:47","date_gmt":"2020-09-06T08:55:47","guid":{"rendered":"http:\/\/asmerieux.org\/?page_id=463"},"modified":"2024-12-03T19:13:08","modified_gmt":"2024-12-03T18:13:08","slug":"moto","status":"publish","type":"page","link":"https:\/\/asmerieux.org\/wpasm\/moto\/","title":{"rendered":"Moto"},"content":{"rendered":"<table style=\"width: 96.6917%;\" width=\"687\">\n<tbody>\n<tr>\n<td style=\"width: 21.6058%;\" width=\"154\">Pr\u00e9sident<\/td>\n<td style=\"width: 15.7664%;\" width=\"111\">Fabrice<\/td>\n<td style=\"width: 17.0803%;\" width=\"118\">LESAULT<\/td>\n<td style=\"width: 43.6496%;\" width=\"304\">fabrice.lesault@biomerieux.com<\/td>\n<\/tr>\n<tr>\n<td style=\"width: 21.6058%;\">Secr\u00e9taire<\/td>\n<td style=\"width: 15.7664%;\">Chantal<\/td>\n<td style=\"width: 17.0803%;\">TROILI<\/td>\n<td style=\"width: 43.6496%;\">chantaltroili@orange.fr<\/td>\n<\/tr>\n<tr>\n<td style=\"width: 21.6058%;\">Tr\u00e9sorier<\/td>\n<td style=\"width: 15.7664%;\">David<\/td>\n<td style=\"width: 17.0803%;\">ROCHE<\/td>\n<td style=\"width: 43.6496%;\">david.roche@sanofi.fr<\/td>\n<\/tr>\n<\/tbody>\n<\/table>\n<p><!--\n<span style=\"font-size: 14pt;\"><strong><a href=\"https:\/\/asmerieux.org\/wpasm\/wp-content\/uploads\/moto-infos.pdf\" target=\"_blank\" rel=\"noopener\">Programme<\/a>\n<\/strong><\/span>\n--><br \/>\n<img loading=\"lazy\" decoding=\"async\" class=\"aligncenter wp-image-1064 size-full\" src=\"https:\/\/asmerieux.org\/wpasm\/wp-content\/uploads\/ima-moto-1.jpg\" alt=\"\" width=\"772\" height=\"543\" \/><\/p>\n<p><img loading=\"lazy\" decoding=\"async\" class=\"aligncenter size-medium\" src=\"https:\/\/asmerieux.org\/wpasm\/wp-content\/uploads\/moto-sortie.jpg\" width=\"300\" height=\"224\" \/><\/p>\n","protected":false},"excerpt":{"rendered":"<div class=\"mh-excerpt\"><p>Pr\u00e9sident Fabrice LESAULT fabrice.lesault@biomerieux.com Secr\u00e9taire Chantal TROILI chantaltroili@orange.fr Tr\u00e9sorier David ROCHE david.roche@sanofi.fr<\/p>\n<\/div>","protected":false},"author":1,"featured_media":0,"parent":0,"menu_order":0,"comment_status":"closed","ping_status":"closed","template":"","meta":{"footnotes":""},"class_list":["post-463","page","type-page","status-publish","hentry"],"_links":{"self":[{"href":"https:\/\/asmerieux.org\/wpasm\/wp-json\/wp\/v2\/pages\/463","targetHints":{"allow":["GET"]}}],"collection":[{"href":"https:\/\/asmerieux.org\/wpasm\/wp-json\/wp\/v2\/pages"}],"about":[{"href":"https:\/\/asmerieux.org\/wpasm\/wp-json\/wp\/v2\/types\/page"}],"author":[{"embeddable":true,"href":"https:\/\/asmerieux.org\/wpasm\/wp-json\/wp\/v2\/users\/1"}],"replies":[{"embeddable":true,"href":"https:\/\/asmerieux.org\/wpasm\/wp-json\/wp\/v2\/comments?post=463"}],"version-history":[{"count":8,"href":"https:\/\/asmerieux.org\/wpasm\/wp-json\/wp\/v2\/pages\/463\/revisions"}],"predecessor-version":[{"id":1386,"href":"https:\/\/asmerieux.org\/wpasm\/wp-json\/wp\/v2\/pages\/463\/revisions\/1386"}],"wp:attachment":[{"href":"https:\/\/asmerieux.org\/wpasm\/wp-json\/wp\/v2\/media?parent=463"}],"curies":[{"name":"wp","href":"https:\/\/api.w.org\/{rel}","templated":true}]}}